 by 159.
143
Calculate the remainder when 662364 is divided by 38817.
2475
Calculate the remainder when 346577 is divided by 86634.
41
Calculate the remainder when 12632250 is divided by 8570.
70
What is the remainder when 159227 is divided by 3079?
2198
Calculate the remainder when 868629 is divided by 217154.
13
Calculate the remainder when 1494274 is divided by 1494207.
67
What is the remainder when 7615553 is divided by 1629?
1607
Calculate the remainder when 4445765 is divided by 3217.
3088
Calculate the remainder when 277091040 is divided by 2563.
2547
Calculate the remainder when 521313 is divided by 129215.
4453
What is the remainder when 286572 is divided by 488?
116
What is the remainder when 1886224 is divided by 6?
4
What is the remainder when 1147485 is divided by 5650?
535
Calculate the remainder when 45824 is divided by 2585.
1879
What is the remainder when 1334114 is divided by 333487?
166
Calculate the remainder when 26566422 is divided by 3698.
3688
Calculate the remainder when 328375 is divided by 81942.
607
What is the remainder when 823527 is divided by 457?
13
What is the remainder when 386861 is divided by 21492?
5
What is the remainder when 94627 is divided by 30239?
3910
Calculate the remainder when 29281755 is divided by 7191.
3
What is the remainder when 106163 is divided by 7012?
983
Calculate the remainder when 813777 is divided by 46.
37
Calculate the remainder when 991294 is divided by 68.
58
What is the remainder when 11488601 is divided by 94947?
14
What is the remainder when 3643367 is divided by 230?
167
Calculate the remainder when 888799 is divided by 296206.
181
What is the remainder when 160617 is divided by 6423?
42
Calculate the remainder when 7723762 is divided by 1236.
1234
What is the remainder when 1700021 is divided by 169998?
41
What is the remainder when 131792 is divided by 2269?
190
Calculate the remainder when 1063149 is divided by 368.
365
What is the remainder when 907648 is divided by 453780?
88
What is the remainder when 2047534 is divided by 665?
664
Calculate the remainder when 1235165 is divided by 308758.
133
What is the remainder when 637130 is divided by 13516?
1878
Calculate the remainder when 1985690 is divided by 132358.
320
What is the remainder when 3601343 is divided by 128609?
291
What is the remainder when 275385 is divided by 17205?
105
What is the remainder when 156959197 is divided by 1241?
1240
Calculate the remainder when 73122 is divided by 7579.
4911
What is the remainder when 14016530 is divided by 357?
353
Calculate the remainder when 3644532 is divided by 229.
226
What is the remainder when 87666373 is divided by 14?
11
What is the remainder when 39836594 is divided by 5009?
17
What is the remainder when 388715 is divided by 6472?
395
What is the remainder when 1726544 is divided by 1073?
87
What is the remainder when 52701451 is divided by 48?
43
What is the remainder when 19863 is divided by 9063?
1737
What is the remainder when 27332 is divided by 4599?
4337
What is the remainder when 35918 is divided by 5983?
20
What is the remainder when 74387711 is divided by 914?
907
What is the remainder when 62028 is divided by 229?
198
Calculate the remainder when 2047539 is divided by 41.
40
Calculate the remainder when 1639840 is divided by 302.
282
Calculate the remainder when 8793828 is divided by 34.
0
What is the remainder when 12208150 is divided by 3052032?
22
What is the remainder when 1129596 is divided by 10?
6
What is the remainder when 199840 is divided by 24872?
864
Calculate the remainder when 8590572 is divided by 3605.
3462
What is the remainder when 7371539 is divided by 1530?
1529
Calculate the remainder when 466437 is divided by 129.
102
Calculate the remainder when 4362529 is divided by 340.
329
Calculate the remainder when 3535176 is divided by 153.
111
Calculate the remainder when 299269 is divided by 298785.
484
What is the remainder when 2101309 is divided by 700396?
121
Calculate the remainder when 3172337 is divided by 2962.
35
What is the remainder when 5077228 is divided by 2525?
1978
Calculate the remainder when 6311485 is divided by 16.
13
What is the remainder when 260205 is divided by 37144?
197
What is the remainder when 12986 is divided by 1808?
330
Calculate the remainder when 16955650 is divided by 20.
10
Calculate the remainder when 51049 is divided by 12670.
369
Calculate the remainder when 121441053 is divided by 2501.
2497
What is the remainder when 38865462 is divided by 2599?
16
What is the remainder when 148956569 is divided by 147?
146
What is the remainder when 53033 is divided by 17667?
32
Calculate the remainder when 62138275 is divided by 31069129.
17
What is the remainder when 1696279 is divided by 1781?
767
What is the remainder when 1051640 is divided by 416?
408
What is the remainder when 290549 is divided by 865?
774
Calculate the remainder when 667363 is divided by 44490.
13
Calculate the remainder when 20674953 is divided by 94.
29
What is the remainder when 8168907 is divided by 14?
5
Calculate the remainder when 4457030 is divided by 1841.
1810
Calculate the remainder when 463485 is divided by 154487.
24
Calculate the remainder when 335455 is divided by 534.
103
What is the remainder when 4704330 is divided by 203?
8
What is the remainder when 47309 is divided by 47061?
248
What is the remainder when 8216138 is divided by 93?
53
Calculate the remainder when 193259 is divided by 358.
297
What is the remainder when 15696719 is divided by 49?
10
Calculate the remainder when 84095176 is divided by 3363.
3361
What is the remainder when 8004691 is divided by 1000585?
11
Calculate the remainder when 984052 is divided by 105.
97
Calculate the remainder when 1184899 is divided by 106.
31
What is the remainder when 263227 is divided by 793?
744
Calculate the remainder when 137486 is divided by 43661.
6503
Calculate the remainder when 108562 is divided by 5777.
4576
Calculate the remainder when 1840500 is divided by 20449.
90
Calculate the remainder when 13430628 is divided by 3357649.
32
What is the remainder when 54238 is divided by 18053?
79
What is the remainder when 57098 is divided by 27335?
2428
What is the remainder when 9172271 is divided by 1037?
6
Calculate the remainder when 10243616 is divided by 20.
16
Calculate the remainder when 288102 is divided by 57425.
977
Calculate the remainder when 92858 is divided by 30932.
62
Calculate the remainder when 9371 is divided by 4458.
455
What is the remainder when 12493349 is divided by 4435?
4389
Calculate the remainder when 69825 is divided by 34895.
35
Calculate the remainder when 663539 is divided by 4.
3
Calculate the remainder when 73035 is divided by 63.
18
What is the remainder when 53204890 is divided by 107?
103
What is the remainder when 14571 is divided by 2080?
11
What is the remainder when 3368465 is divided by 723?
8
Calculate the remainder when 8781286 is divided by 8781185.
101
What is the remainder when 35023899 is divided by 159?
15
Calculate the remainder when 1288403647 is divided by 2950.
2947
Calculate the remainder when 15646150 is divided by 344.
342
Calculate the remainder when 158884 is divided by 25388.
6556
What is the remainder when 2746383 is divided by 2745944?
439
What is the remainder when 3802774 is divided by 950674?
78
What is the remainder when 3157492 is divided by 558?
328
What is the remainder when 296702 is divided by 6449?
48
What is the remainder when 775654 is divided by 6572?
158
Calculate the remainder when 9249835 is divided by 420447.
1
What is the remainder when 113263 is divided by 18840?
223
Calculate the remainder when 1240111 is divided by 413350.
61
Calculate the remainder when 313512 is divided by 908.
252
Calculate the remainder when 23876431 is divided by 9.
7
What is the remainder when 12832044 is divided by 1833148?
8
Calculate the remainder when 803492 is divided by 90.
62
What is the remainder when 3137496 is divided by 1530?
996
What is the remainder when 78401 is divided by 19568?
129
Calculate the remainder when 33996 is divided by 3643.
1209
What is the remainder when 56122175 is divided by 2?
1
What is the remainder when 33166 is divided by 5495?
196
Calculate the remainder when 2151758 is divided by 12